s 191 a factor of 65481448?
False
Is 392 a factor of 31247496?
True
Does 135 divide 1846443089?
False
Does 1605 divide 41159593?
False
Is 564460400 a multiple of 490?
True
Is 2713401 a multiple of 18?
False
Is 72 a factor of 204857784?
True
Does 2531 divide 165305812?
False
Is 496 a factor of 17022981?
False
Does 298 divide 102897048?
False
Is 14 a factor of 270192905?
False
Is 71412138 a multiple of 126?
True
Is 38 a factor of 1973180?
False
Does 56 divide 7450933?
False
Is 1086 a factor of 163447883?
False
Does 143 divide 131016600?
True
Is 41 a factor of 99991374?
True
Is 48804480 a multiple of 18?
True
Is 44 a factor of 24845656?
True
Is 27 a factor of 1320022002?
False
Is 3281294897 a multiple of 138?
False
Does 2 divide 3947658?
True
Does 588 divide 1472073876?
True
Does 2807 divide 28517173?
False
Is 60 a factor of 175305780?
True
Is 3006066 a multiple of 266?
True
Does 69 divide 3336909?
True
Does 456 divide 39300668?
False
Is 1394668458 a multiple of 309?
False
Is 41487473 a multiple of 717?
False
Is 4999325439 a multiple of 109?
True
Does 1694 divide 424091206?
True
Is 98 a factor of 74283118?
True
Is 553654387 a multiple of 143?
True
Is 2423 a factor of 3700802999?
False
Is 14 a factor of 24565001?
False
Does 333 divide 81797787?
True
Is 448 a factor of 7328813?
False
Is 37263326 a multiple of 479?
True
Is 1380418643 a multiple of 27?
False
Does 4012 divide 84548888?
True
Is 6 a factor of 235270560?
True
Is 3501982 a multiple of 499?
True
Does 832 divide 255144469?
False
Is 20790 a multiple of 66?
True
Is 1001 a factor of 914038125?
True
Is 19252332 a multiple of 66?
True
Is 18 a factor of 1632577680?
True
Is 3 a factor of 571848?
True
Is 668 a factor of 219677864?
False
Does 5 divide 4705048?
False
Is 8 a factor of 10772258?
False
Is 8854242 a multiple of 367?
True
Is 2268 a factor of 47740004?
False
Is 328023300 a multiple of 44?
True
Is 36200526 a multiple of 391?
False
Is 6 a factor of 418844077?
False
Does 815 divide 110152581?
False
Does 185 divide 13587266?
False
Is 119917616 a multiple of 28?
True
Is 1151 a factor of 47454579?
True
Is 14 a factor of 427560?
True
Is 39029131 a multiple of 1082?
False
Is 300 a factor of 20897700?
True
Is 9370 a factor of 1765504961?
False
Is 1413778228 a multiple of 4457?
True
Is 15 a factor of 96734003?
False
Is 565 a factor of 6258369?
False
Is 21423886 a multiple of 380?
False
Is 100727751 a multiple of 464?
False
Is 2743 a factor of 460809570?
False
Is 27435957 a multiple of 47?
False
Does 941 divide 22920416?
False
Is 11 a factor of 524072?
False
Does 653 divide 8266980?
True
Does 461 divide 1462605019?
True
Does 548 divide 96061660?
True
Is 92477000 a multiple of 69?
False
Does 62 divide 18009221?
False
Is 698 a factor of 16650260?
False
Does 6498 divide 510764657?
False
Is 16018755 a multiple of 1095?
True
Does 1309 divide 157157904?
False
Is 2147974290 a multiple of 1328?
False
Does 239 divide 259990892?
True
Is 2 a factor of 108905582?
True
Does 557 divide 305975817?
False
Is 13425 a factor of 339770742?
False
Is 4315208 a multiple of 9?
False
Is 71078840 a multiple of 14?
True
Does 3003 divide 1178614437?
True
Does 78 divide 449718498?
False
Is 2 a factor of 35580396?
True
Is 7040790 a multiple of 1465?
True
Is 5693583 a multiple of 5?
False
Does 17 divide 12318387?
True
Is 624592714 a multiple of 1406?
False
Does 860 divide 153889260?
True
Is 2017913268 a multiple of 1956?
True
Is 1524517440 a multiple of 81?
False
Does 36 divide 9435660?
False
Is 28276882 a multiple of 328?
False
Does 92 divide 1353149340?
True
Is 5170768200 a multiple of 12?
True
Is 139 a factor of 73926872?
True
Does 23 divide 23174923?
False
Does 2087 divide 592850418?
False
Does 685 divide 51644890?
True
Is 2381318455 a multiple of 23?
True
Does 17 divide 3540931359?
False
Does 2153 divide 27650797?
False
Does 30 divide 63283451?
False
Is 454149960 a multiple of 7?
False
Is 79193691 a multiple of 19?
True
Does 346 divide 341302743?
False
Does 194 divide 989270214?
True
Does 16 divide 816298384?
True
Is 67 a factor of 10524293?
True
Is 281666497 a multiple of 7?
True
Is 55666360 a multiple of 970?
True
Is 19 a factor of 105863226?
False
Is 328807789 a multiple of 705?
False
Is 442 a factor of 42678256?
False
Is 334457922 a multiple of 47?
True
Is 24582363 a multiple of 1833?
True
Does 69 divide 10100659?
False
Is 7586370 a multiple of 45?
True
Does 235 divide 87187830?
False
Is 943322779 a multiple of 162?
False
Is 106 a factor of 935061861?
False
Is 4969228737 a multiple of 33?
True
Is 25813536 a multiple of 4308?
True
Does 1421 divide 102601559?
False
Is 154628640 a multiple of 1286?
True
Is 1456539075 a multiple of 9?
True
Does 313 divide 1250341186?
False
Is 171 a factor of 28849462?
False
Is 61 a factor of 57869541?
True
Is 53 a factor of 9103343?
False
Is 577 a factor of 15274921?
True
Does 378 divide 203901863?
False
Is 6 a factor of 145304916?
True
Does 25 divide 562124600?
True
Does 276 divide 336185969?
False
Is 52 a factor of 3259412?
True
Is 100150966 a multiple of 39?
False
Is 403693827 a multiple of 26?
False
Is 31488329 a multiple of 1016?
False
Is 20753810 a multiple of 70?
True
Does 354 divide 14573992?
False
Is 78898414 a multiple of 12?
False
Does 123 divide 33963498?
True
Is 1106891330 a multiple of 5945?
False
Is 312 a factor of 1388837510?
False
Does 8 divide 246610095?
False
Is 122667933 a multiple of 57?
True
Does 33 divide 2361985657?
False
Is 359 a factor of 10733943?
False
Is 6545476 a multiple of 217?
False
Is 1925040 a multiple of 20?
True
Is 1361135 a multiple of 25?
False
Is 89 a factor of 58720242?
True
Is 200 a factor of 118071009?
False
Is 427 a factor of 3638813297?
True
Is 10153964 a multiple of 13?
False
Is 5661 a factor of 81314604?
True
Is 19 a factor of 2420663137?
True
Is 1587440158 a multiple of 19?
True
Is 187697287 a multiple of 66?
False
Does 215 divide 3902250?
True
Does 2536 divide 157944616?
True
Is 8 a factor of 1114974672?
True
Is 12976749 a multiple of 215?
False
Is 9 a factor of 166436298?
True
Is 4387680 a multiple of 5?
True
Is 264620949 even?
False
Is 49 a factor of 14980494?
False
Is 612342357 a multiple of 23?
False
Is 1615342406 a multiple of 486?
False
Is 137655761 a multiple of 9?
False
Is 18 a factor of 13422410?
False
Is 836122238 a multiple of 707?
True
Is 151 a factor of 7788073?
False
Is 152 a factor of 1379424016?
True
Is 10 a factor of 211589010?
True
Is 2227916786 a multiple of 6529?
True
Does 2 divide 174022626?
True
Is 107 a factor of 431068680?
False
Does 49 divide 436193241?
False
Does 14 divide 190827126?
True
Is 559 a factor of 364101855?
True
Does 81 divide 112493529?
True
Is 43 a factor of 820359027?
False
Is 127346134 a multiple of 29?
True
Is 167733100 a multiple of 25?
True
Is 56 a factor of 1147028570?
False
Does 3 divide 311036214?
True
Is 3 a factor of 21459?
True
Is 173135049 a multiple of 210?
False
Is 142 a factor of 12623090?
True
Is 13801992 a multiple of 541?
True
Is 1654 a factor of 27154482?
False
Is 1189 a factor of 141813705?
False
Is 20 a factor of 1779801640?
True
Is 67559250 a multiple of 250?
True
Does 7 divide 13521354?
True
Does 6 divide 120157800?
True
Is 166 a factor of 3616790736?
True
Does 9 divide 52116561?
True
Is 920 a factor of 1740887480?
True
Does 60 divide 598347420?
True
Does 26 divide 303428684?
True
Is 38 a factor of 137828202?
False
Is 4 a factor of 27597591?
False
Is 9739208 a multiple of 173?
True
Does 260 divide 8954602?
False
Is 52587331 a multiple of 14?
False
Is 149428704 a multiple of 626?
True
Is 6 a factor of 30094053?
False
Is 24 a factor of 51662352?
True
Is 2758 a factor of 1224270684?
True
Is 911 a factor of 257153436?
True
Is 1170305568 a multiple of 1224?
True
Is 2695 a factor of 273065485?
True
Does 84 divide 60277056?
True
Does 152 divide 88489232?
True
Is 1167033910 a multiple of 197?
True
Is 462 a factor of 571774445?
False
Is 87 a factor of 100408794?
False
Is 47910870 a multiple of 42?
True
Is 223 a factor of 83456635?
True
Is 748 a factor of 31683036?
True
Is 56328705 a multiple of 745?
True
Is 9 a factor of 372848565?
False
Does 9 divide 46290987?
True
Is 4891586 a multiple of 14?
True
Does 4077 divide 779018752?
False
Is 70241434 a multiple of 1714?
True
Is 97472799 a mult